 3*h + 2*h, -26 = -2*g + 4*h. Suppose 9*d - g*d - 282 = 0. What is the units digit of d?
7
Let y be 114/(-9) + 4/6. Let z = y - -64. Let v = -24 + z. What is the units digit of v?
8
What is the units digit of 30/135 + 3517/9?
1
Let p = 9 + -5. Suppose 0 = 5*h + p*w - 107 - 83, -2*h + 99 = -3*w. Let g = h - 30. What is the units digit of g?
2
Let g = 10 + -8. Suppose -g = 2*k + 3*o, 5*o = -k - 0*o + 6. What is the tens digit of (k/(-10))/(3/405)?
5
Let p(c) = c + 2. Let f be p(-4). What is the units digit of (2 + -35 - 3)*f?
2
Suppose -n + 5*r = 745, -5*n + r = -2*n + 2291. What is the units digit of (-7)/(-28) - n/12?
4
Let p(z) = 119*z - 298. What is the tens digit of p(13)?
4
Suppose -1527 = 15*l - 18357. What is the thousands digit of l?
1
Suppose 0 = 2*y - 0*y - 4*r - 18, 0 = -5*y + 5*r + 25. What is the units digit of 17 + 3 + -3 - y?
6
Let d(o) = o**3 + o**2 - 12*o + 4. Let x be d(5). Let v = x + 11. What is the tens digit of v?
0
Let f be (3/(-6))/((-1)/336). Let c = -333 - -341. Suppose c*j = 2*j + f. What is the units digit of j?
8
Let l = 2 + -2. Suppose 8 = b - 2*d, l*d = 4*b - 2*d - 14. Suppose -b*z + 30 + 28 = 0. What is the tens digit of z?
2
Let f be 78/10 + 52/(-65). Let z be 2 + (f + -2 - 3). Suppose -z*o + 4 + 33 = 3*s, 0 = -4*s + 4*o + 40. What is the units digit of s?
1
What is the tens digit of (-22)/55*1110/(-1)?
4
Suppose 3*z + 13 - 1 = 0. What is the tens digit of 156*(18/z)/(-9)?
7
Let x be 3/(-21) + 22/7. Suppose -x*l - 1 = -13. Suppose -l*z = -32 + 12. What is the units digit of z?
5
Let z = 5 - 7. Let h = 4 - z. Suppose -h*p + 4*p = -38. What is the tens digit of p?
1
Suppose -776 = -3*q + 2*y + 1747, -2*y + 2523 = 3*q. What is the hundreds digit of q?
8
Suppose -5919 = -2*u + 5*t, 0 = 4*u + 3*t - 7614 - 4289. What is the units digit of u?
2
Suppose 0 = 2*r - i - 199, 12 = 3*i + 3. Suppose -r = 3*p - 323. What is the tens digit of p?
7
Let s be (5/5)/(2/(-4)). Let h be 0 - s*(-14)/4. Let r(d) = d**2 + 4*d - 7. What is the units digit of r(h)?
4
Suppose r - 159 = -5*x + 549, 2*x = -r + 699. What is the units digit of r?
3
Suppose 5*n + p + 42 + 315 = 0, -n - 3*p = 77. Let o = n - -160. What is the tens digit of o?
8
Let z be 20/(-8) - 9/6. What is the units digit of (1416/(-42))/(z/14)?
8
Let i be 12/48 + (-1030)/(-8). Let l = i - 21. What is the units digit of l?
8
Suppose 0 = -2*y - b - 75, y + 20 = -5*b + b. Let v(d) = 9*d**2. Let m be v(2). What is the tens digit of y/(-6)*m/10?
2
Let z be (-44)/11 - (0 - 5). Suppose -2*a = 2*y - 14, 5*y = 2*a + 6*y - 17. What is the units digit of 10*(6/a)/z?
6
Let i = -2 + 14. Let b be (-629)/(-3) + (-8)/i. Suppose -2*l + 212 = 3*j - 0*j, -3*j = -l - b. What is the units digit of j?
0
Suppose 126*g - 124*g - 12444 = 0. What is the units digit of g?
2
Let u = 160 + -48. What is the hundreds digit of u?
1
Let d be 1/1 + (-15)/3. Let u(z) = -z**3 + 4*z**2 - 6*z - 14. What is the hundreds digit of u(d)?
1
Let r(t) = t**3 - 33*t**2 - 4*t + 158. What is the hundreds digit of r(34)?
1
Suppose -5*s = 5*q - 25, -44 = -2*q - 2*q + 4*s. Suppose o + o + 2*m = 0, -2 = m. What is the units digit of (q + 5 + -2)*o?
2
Let a = 17 - 14. Suppose a*x - 10 = x. What is the units digit of x?
5
Suppose -12427 = -2*v - 15*v. What is the hundreds digit of v?
7
Suppose 58 = 2*f + 2*z, -2*f - 3*z = -7*z - 76. Let m = 86 + f. What is the hundreds digit of m?
1
Suppose -5*w = 2*k - 40, -k - 5*w = 2*k - 60. Suppose -k = h - 5*h. Suppose -2*q = -h*c + 180, 5*q = -0*q - 25. What is the tens digit of c?
3
Let a(g) = -41*g + 13. Let u be a(-6). Suppose -4*o + 2*o = 2, o = 3*d - u. What is the tens digit of d?
8
Let w(a) = -a**3 - a**2 - 2*a - 14. Let r be w(-7). Suppose 0 = -9*h + 7*h + r. What is the tens digit of h?
4
Let z = -5558 - -10144. What is the units digit of z?
6
Let r = -182 - -199. Let v be 40/(-1 + 4/2). Let p = v - r. What is the tens digit of p?
2
Suppose 31*i - 5470 - 25406 = 0. What is the units digit of i?
6
Suppose 3*h - u = -42, -3*h = -0*u - 3*u + 42. Let v be (-76)/(-28) - 4/h. Suppose v*o = 3*t + 66, 0 = -o - 4*t + 9*t + 14. What is the units digit of o?
4
Let l(w) = 13*w - 44*w + 10 + 25*w. What is the tens digit of l(-4)?
3
Suppose w - 2*w - 8 = 0. Let o(n) = n**2 - 6*n + 8. What is the tens digit of o(w)?
2
Suppose a = 5*s + 19, -5*a - 11 + 34 = -s. Let n(r) = -4*r - 153 + 151 + r + 6*r**2 - r**3. What is the tens digit of n(a)?
1
Suppose 0 = -3*d - 7 + 22, -3*r + d = -1414. What is the tens digit of r?
7
Let o be 28/6 - (-2)/(-3). What is the units digit of -4 + 12/o - -26?
5
Suppose -3*l + 12 = -3*a, a + 2*l + 7 + 9 = 0. What is the tens digit of -11*(3 + 0 + a)?
5
Let j(o) = 125*o**3 + 4*o**2 + 12*o - 54. What is the tens digit of j(3)?
9
Let o = 12 + -6. Suppose -3*h = -o*h + 6. Let j = 31 - h. What is the units digit of j?
9
Let i(t) = -t - 14. Let b(f) = f + 14. Let j(n) = -3*b(n) - 4*i(n). Let c be j(-12). Suppose 2*h + h + 86 = c*w, 4*w = -h + 158. What is the units digit of w?
0
Let f(m) = 36*m - 22. Let z be f(3). Suppose w = z + 89. What is the tens digit of w?
7
Suppose -i + 138 = 2*z + 2*z, -4*z - 3*i = -134. Suppose 0 = -6*k + k - 70. What is the tens digit of (-1 + -7)*z/k?
2
Let c be -3 + 4/(-4) - 64. Let p = c - -87. What is the tens digit of p?
1
Let l(b) = b + 111. Let r be l(0). Let u = 264 - r. Let n = -106 + u. What is the units digit of n?
7
Let j(m) = -2*m**3 - 2*m**2 + m - 1. Let r be j(-2). Let l = r + 0. Suppose l*u - 240 = 5*v, -4*v + 13 - 162 = -3*u. What is the tens digit of u?
4
Suppose 45522 = 14*m + 4*m. What is the units digit of m?
9
Let z = -50 + 25. Let n = z + 45. Suppose -s = -4*l + s + n, -2*l + 2*s + 12 = 0. What is the units digit of l?
4
Suppose -13164 = -5*z - 3*o, -z + 8*z - 18414 = o. What is the hundreds digit of z?
6
Suppose -7*r + 3*r - 2*p + 1904 = 0, -3*r + 3*p + 1428 = 0. Suppose r = 6*b - 568. What is the units digit of b?
4
Suppose 0 + 8 = -2*o, 5*q = 3*o + 17. What is the units digit of -8*q/(8/(-74))?
4
Let t be 2/(-5) + 357/(-35)*-62. Let l = -371 + t. What is the tens digit of l?
6
Let p be 2/(-8)*122*-14. Let v = -209 + p. Suppose -4*b + v = 2*s, -209 = -4*b - s - 4*s. What is the units digit of b?
6
Suppose 0 = 4*z - 3*q - 0*q - 7, -1 = -3*z - 2*q. What is the tens digit of -3 + 42/z + 0?
3
Let j be ((-250)/75)/((-4)/6). Let u be (-2)/(-2*1) - -11. Suppose l = j + u. What is the units digit of l?
7
Let t(v) = -25*v + 45. What is the hundreds digit of t(-4)?
1
Suppose -4*l + 2*r + 346 = 0, 2*l + 42 = -2*r + 218. Suppose 5*v - 203 = -5*i + l, 5*v + i = 302. What is the units digit of v?
1
Let z = -69 + 61. Let n(r) = r**3 + 11*r**2 + 4*r - 18. What is the hundreds digit of n(z)?
1
Suppose 0 = -23*j + 28*j + 1340. Let s = -135 - j. What is the tens digit of s?
3
Suppose -2*s - 2 = -4*s. Suppose -m - f + 7 = s, 12 = 4*f. What is the units digit of m?
3
Let f(h) = -3*h - 17. Suppose -k = -0*k - j + 7, -3*j = 5*k + 51. What is the units digit of f(k)?
0
Suppose 0 = 5*k + 4*d - 36, -d = 3*k + 2*d - 24. Let s(h) = 6*h**2 + 11*h - 10. What is the units digit of s(k)?
0
Let x = 38 - 23. Suppose x = u + 4*u. Suppose 2*m - 4*i = 1 + u, 2*m - 24 = -i. What is the tens digit of m?
1
Let b(v) = 37*v - 7. Let c be b(7). Suppose -5*l + 11*l = c. What is the tens digit of l?
4
Let x be -464*((-10)/20 - 1/4). Suppose -5*y = -g - 362, 5*y = 4*g + 5 + x. What is the units digit of y?
3
Let d(y) = 53*y - 35. What is the hundreds digit of d(8)?
3
Suppose 0 = -3*d - 3 - 6. What is the hundreds digit of (4326/(-56))/(d/4)?
1
Let n = -20 - -22. Suppose n*l = 7*l - 25. What is the tens digit of l*(-5)/(75/(-87))?
2
Let c(a) = a**2 + a - 4. Let p be c(3). Suppose -9*u = -8*u - p. What is the units digit of u?
8
Let j be (-1*6)/((-3)/(-2)). Let i = j - -6. Suppose p - 3*o - 25 = 0, -4*p + 114 = -i*o + 4*o. What is the units digit of p?
8
Let j = -870 + 4714. What is the tens digit of j?
4
Let b = -85 + 89. What is the units digit of 96 - (-6)/(1 - b) - -3?
7
Suppose 9*f - 12*f = 4*t - 6016, -t + 1504 = -3*f. What is the thousands digit of t?
1
What is the units digit of 14*(-4 - (-3050)/20)?
9
Suppose -4*q - q = -3*a + 17, 3*q + 15 = 3*a. What is the units digit of ((-3 - -3) + q - -3) + 116?
8
Let w be (2*2/(-12))/((-10)/60). What is the units dig